f + 4 + 0 = l. Suppose 5*s - 18 = 37. Calculate the remainder when s is divided by f.
3
Let x be 8/2 + 1/(-1). Suppose x*j = -j - 20, 3 = -3*w - 3*j. Let r(o) = o**3 - 7*o**2 + 11*o + 5. Calculate the remainder when r(5) is divided by w.
2
Let l(g) = -17*g - 16. What is the remainder when l(-7) is divided by 26?
25
Suppose -21*z + 22*z - 21 = 0. Let c = -100 + 162. What is the remainder when c is divided by z?
20
What is the remainder when (82/6)/(14/6 + -2) is divided by 14?
13
What is the remainder when (-5)/((-5)/26) + -2 is divided by (-228)/(-24) + (-1)/2?
6
Suppose -2*f - 3*f + 47 = 2*t, 4*t + 3*f - 73 = 0. Let y(p) = -46*p + 1. Calculate the remainder when y(-1) is divided by t.
15
Suppose 0 = x - 12 + 1. Let w be 2/4 + 277/2. Suppose -w = -3*g - 43. What is the remainder when g is divided by x?
10
Let q = -10 + 18. Let m = 18 - 13. What is the remainder when q is divided by m?
3
Suppose 0 = -2*i + 49 + 69. Calculate the remainder when i is divided by 7.
3
Calculate the remainder when 10 is divided by ((-20)/4 - (-5 - -1))/(-1).
0
Suppose -k - 2*d = 11 - 4, -5*k - 25 = 5*d. What is the remainder when -14*k/6 - 1 is divided by 3?
0
What is the remainder when (-1 + (-32)/(-20))/(2/60) is divided by 5?
3
Let s = -216 + 340. Calculate the remainder when s is divided by 33.
25
Let p = 18 - 19. Calculate the remainder when (-198)/(-4) + p/2 is divided by 13.
10
Let u(i) = i**2 - 2*i + 3. Suppose 0 = b - 3*r + 11, 3*b + 2*r - 7*r = -13. Calculate the remainder when b is divided by u(2).
1
Let a(f) = f**2 + 3*f - 5. Let w be a(-6). Let q = w - 5. Calculate the remainder when ((-44)/(-10))/((-2)/(-10)) is divided by q.
6
Suppose -2*l - 4*k + 6 + 20 = 0, 5*l + 5*k - 40 = 0. Calculate the remainder when 3 is divided by l.
0
Let h(o) = -o**2 + 10*o - 7. What is the remainder when 12 is divided by h(9)?
0
Let k be (-3 - -9)/((-3)/(-2)). Suppose k*h = 3*u - 114, 3*u - 73 = h + 41. What is the remainder when u is divided by 14?
10
Let r(m) = -m**2 + 6*m + 5. Let i be r(6). Suppose 4*u + 22 = i*u. Calculate the remainder when u is divided by 24/2 - 0/(-1).
10
Let u be (-2)/(-3)*45*1. Let i = -17 + u. Calculate the remainder when i is divided by (2 + (3 - 10))/(-1).
3
Suppose -4 = 3*s - 5*t, -3*s + 2*t = t - 4. What is the remainder when s is divided by (-1)/(-4)*(-13 - -21)?
0
Suppose -34 = -2*c + 12. Let k = 9 - 1. What is the remainder when c is divided by k?
7
Let y(w) = w + 7. Let r be y(-7). Suppose k + r*k + 348 = 4*u, 0 = -4*k. What is the remainder when u is divided by 30?
27
Let z = -16 + 30. Let d(j) = -j + 9. Calculate the remainder when z is divided by d(5).
2
Suppose 2 = 2*c, 0 = n - 3*n + 2*c + 96. Calculate the remainder when n is divided by 13.
10
Let g(b) = 2*b**3 + 3*b - 2. Let p be 9/6 - 3/(-6). Let k be g(p). Suppose -4*o + 88 = k. Calculate the remainder when o is divided by 5.
2
Suppose 0 = -3*r + 83 + 4. Let c(i) = 0 + 2 - i**2 - 7 - 8*i. Calculate the remainder when r is divided by c(-5).
9
Suppose 54 = -2*y + 5*t - 58, 2*y + t = -100. Let w = -11 - y. Calculate the remainder when w is divided by 14.
12
Suppose -r + 5*r - 48 = 0. Calculate the remainder when (-3)/2*((-343)/21 + 1) is divided by r.
11
Suppose -261 = -4*o - 5*q, 3*o - 160 - 37 = -5*q. Calculate the remainder when o is divided by 22.
20
Let u(c) = 2*c**3 + 11*c**2 - 9*c - 10. Calculate the remainder when 13 is divided by u(-6).
5
Suppose 4*s + 2*q - 166 = 3*s, -837 = -5*s - 3*q. What is the remainder when s is divided by 19?
16
Suppose 46 = 5*z + 16. What is the remainder when (-5 - 1)/((-2)/3) is divided by 68/12 - 4/z?
4
Let v(k) be the first derivative of k**2 + k + 2. Calculate the remainder when 26 is divided by v(4).
8
Let q = 20 + -1. Calculate the remainder when q is divided by (-15)/6 - (-1)/2 - -9.
5
Let c(g) = -g**3 + 2*g**2 + g + 7. Let o be c(5). Let z = 107 + o. What is the remainder when z is divided by 15?
14
Suppose -2*d + 8 = 6*g - 5*g, 3*g - 2*d - 48 = 0. What is the remainder when g is divided by (-17)/(-4) + 4/(-16)?
2
Let j = -21 - -38. Suppose -j = -i + r, -3*i - 85 = -8*i + 2*r. What is the remainder when 32 is divided by i?
15
Let g(b) = b**2 - 5*b - 9. Let a be g(7). Suppose -2*r = -a*r + 30. What is the remainder when 19 is divided by r?
9
Let h(n) = n + 15. Let k be (4/(-5))/((-4)/(-40)). Let l = -1 - -3. What is the remainder when h(k) is divided by l?
1
Let k be 0/(2*(-4)/8). Suppose -2*a + 5 + 9 = k. Calculate the remainder when 27 is divided by a.
6
Suppose 3*r - 4*w - 6 - 14 = 0, 4*w + 8 = 0. Suppose -r*g + 7*q + 297 = 2*q, 159 = 2*g + q. Calculate the remainder when 23 is divided by 8/(-12)*g/(-4).
10
Let u(j) = 8*j**2 + 3*j - 2. Calculate the remainder when u(1) is divided by 4.
1
Let g be 582/8 + (-9)/(-36). Suppose -d = -3, -d + 0*d - g = -4*i. Calculate the remainder when i is divided by 5.
4
Suppose 6 = -2*o + 5*o. Let c(q) = q - 1 + q + q**3 + 5*q**2 - 6*q**2. Calculate the remainder when o is divided by c(1).
0
Let l be (1 + 20/(-12))*-12. Let y = 15 - l. What is the remainder when y is divided by 5?
2
Let a be ((-49)/(-3))/(8/(-72)). What is the remainder when (-2)/((-435)/a - 3) is divided by 17?
15
What is the remainder when 119 is divided by (45/(-12))/(3/(-12))?
14
Suppose -4 - 4 = -2*o. Let i = 9 - 1. Suppose -2*p + i = 0, o*l + 0*l = -2*p + 52. What is the remainder when 32 is divided by l?
10
Let z(v) = -v**3 + 8*v**2 - 6*v - 1. Let y be z(7). Suppose y*n = n + 405. What is the remainder when n is divided by 14?
11
Let k(o) = o**2 - 3. Let v be k(0). Let j = 7 - v. Calculate the remainder when (j/(-2))/(4/(-12)) is divided by 4.
3
Let r(f) = 47*f - 2. Let c be r(2). Suppose -2*w + c + 6 = 0. Suppose -w = -2*u + 57. What is the remainder when u is divided by 18?
17
Let u be 242/12 - 5/30. Let z = u - 12. Suppose 0*l = 4*l - z. What is the remainder when 4 is divided by l?
0
Let o be (-15)/8*2*-4. Let p = 23 - o. Suppose 2*u = 6 + p. What is the remainder when u is divided by 4?
3
What is the remainder when 8 is divided by 4/6 + 16/(-24) + 5?
3
Let v = 36 - 11. Let t be 1*9*2/(-3). What is the remainder when v is divided by 6*t/8*-2?
7
Let s = -27 - -63. Calculate the remainder when s is divided by 19.
17
Let h(p) = -10 - 6 + 4 - 2*p. Let q be h(-8). Suppose -x + 26 = q*z, -2*x + 35 = 3*z + 8. What is the remainder when 16 is divided by x?
4
Let f be 2*1/1*-1. Let h(v) = -5*v**3 - 3*v - 3. What is the remainder when h(f) is divided by 11?
10
Suppose -15 = -3*a - 0. Suppose -a*t = -26 + 6. Suppose 12 = 2*u - k, -u + k + 2*k - t = 0. What is the remainder when u is divided by 5?
3
Let z(d) = 0*d**3 - 5*d**3 + 1 + 0*d**2 - 3*d**2 - d. Calculate the remainder when z(-2) is divided by 17.
14
Let n(v) = -2*v - 7. Let w(i) = i + 6. Let b(g) = -2*n(g) - 3*w(g). Calculate the remainder when 9 is divided by b(7).
0
Let w be 12/42 + 187/7. Suppose -3*y + w + 6 = 0. Calculate the remainder when 20 is divided by y.
9
Let s(o) = 9*o + 3. Calculate the remainder when s(6) is divided by 15.
12
Let p(t) = 5*t + 7. Let y(o) = -2*o - 4. Let x(k) = 3*p(k) + 5*y(k). Calculate the remainder when x(5) is divided by 14.
12
Let a(o) = 10*o - 18. Calculate the remainder when a(9) is divided by 15.
12
Suppose 0 = -7*b - b + 856. Calculate the remainder when b is divided by 29.
20
Suppose 0*x = -4*x + 5*p + 553, 2*x + 2*p - 290 = 0. Calculate the remainder when x is divided by 48.
46
What is the remainder when 16 is divided by (-2)/(-12) - (-371)/42?
7
Let k = 70 - 30. Let w(v) = 4*v**2 + v. Let y be w(-2). Suppose b - y + 0 = 0. Calculate the remainder when k is divided by b.
12
Let k(p) = -p + 6. Calculate the remainder when k(-3) is divided by 3.
0
Suppose -3*v + 17 = -19. Let g = v + 1. What is the remainder when 6 + 22 - (4 + -1) is divided by g?
12
Let b = 46 + -25. Let v(h) = h**3 + 7*h**2 - 8*h + 6. What is the remainder when b is divided by v(-8)?
3
Suppose o - 3 - 3 = 0. What is the remainder when 13 is divided by o?
1
Let x be 57 + -1 + 9/3. Suppose 0 = 2*y - s - 20 - 18, 3*y = 2*s + x. What is the remainder when 66 is divided by y?
15
Suppose -5*h + 41 = 4*z, -h + 3*h = 10. Calculate the remainder when z is divided by 2.
0
Let u(r) = r. Let i(s) = s**2 - 5*s - 1. Let t(d) = -i(d) - 5*u(d). Let n be t(-2). Let o = n + 5. Calculate